{"id":2101,"date":"2025-07-21T18:41:05","date_gmt":"2025-07-21T16:41:05","guid":{"rendered":"https:\/\/centreequestre-labrideducazal.com\/?page_id=2101"},"modified":"2025-07-22T20:49:02","modified_gmt":"2025-07-22T18:49:02","slug":"reservation-balade-equestre","status":"publish","type":"page","link":"https:\/\/centreequestre-labrideducazal.com\/reservation-balade-equestre\/","title":{"rendered":"R\u00e9servation balade \u00e9questre"},"content":{"rendered":"\t\t<div data-elementor-type=\"wp-page\" data-elementor-id=\"2101\" class=\"elementor elementor-2101\" data-elementor-post-type=\"page\">\n\t\t\t\t\t\t<section class=\"elementor-section elementor-top-section elementor-element elementor-element-6a03c355 elementor-section-boxed elementor-section-height-default elementor-section-height-default\" data-id=\"6a03c355\" data-element_type=\"section\" data-e-type=\"section\" data-settings=\"{&quot;background_background&quot;:&quot;classic&quot;}\">\n\t\t\t\t\t\t\t<div class=\"elementor-background-overlay\"><\/div>\n\t\t\t\t\t\t\t<div class=\"elementor-container elementor-column-gap-default\">\n\t\t\t\t\t<div class=\"elementor-column elementor-col-100 elementor-top-column elementor-element elementor-element-1a9f4335\" data-id=\"1a9f4335\" data-element_type=\"column\" data-e-type=\"column\" data-settings=\"{&quot;background_background&quot;:&quot;classic&quot;}\">\n\t\t\t<div class=\"elementor-widget-wrap elementor-element-populated\">\n\t\t\t\t\t\t<div class=\"elementor-element elementor-element-61aae580 elementor-widget elementor-widget-spacer\" data-id=\"61aae580\" data-element_type=\"widget\" data-e-type=\"widget\" data-widget_type=\"spacer.default\">\n\t\t\t\t<div class=\"elementor-widget-container\">\n\t\t\t\t\t\t\t<div class=\"elementor-spacer\">\n\t\t\t<div class=\"elementor-spacer-inner\"><\/div>\n\t\t<\/div>\n\t\t\t\t\t\t<\/div>\n\t\t\t\t<\/div>\n\t\t\t\t\t<\/div>\n\t\t<\/div>\n\t\t\t\t\t<\/div>\n\t\t<\/section>\n\t\t\t\t<section class=\"elementor-section elementor-top-section elementor-element elementor-element-761a3744 elementor-section-content-middle elementor-section-boxed elementor-section-height-default elementor-section-height-default\" data-id=\"761a3744\" data-element_type=\"section\" data-e-type=\"section\" data-settings=\"{&quot;background_background&quot;:&quot;classic&quot;}\">\n\t\t\t\t\t\t<div class=\"elementor-container elementor-column-gap-default\">\n\t\t\t\t\t<div class=\"elementor-column elementor-col-50 elementor-top-column elementor-element elementor-element-405415f1 elementor-invisible\" data-id=\"405415f1\" data-element_type=\"column\" data-e-type=\"column\" data-settings=\"{&quot;background_background&quot;:&quot;classic&quot;,&quot;animation&quot;:&quot;fadeInLeft&quot;}\">\n\t\t\t<div class=\"elementor-widget-wrap elementor-element-populated\">\n\t\t\t\t\t\t<div class=\"elementor-element elementor-element-40fc8ccc elementor-widget elementor-widget-spacer\" data-id=\"40fc8ccc\" data-element_type=\"widget\" data-e-type=\"widget\" data-widget_type=\"spacer.default\">\n\t\t\t\t<div class=\"elementor-widget-container\">\n\t\t\t\t\t\t\t<div class=\"elementor-spacer\">\n\t\t\t<div class=\"elementor-spacer-inner\"><\/div>\n\t\t<\/div>\n\t\t\t\t\t\t<\/div>\n\t\t\t\t<\/div>\n\t\t\t\t\t<\/div>\n\t\t<\/div>\n\t\t\t\t<div class=\"elementor-column elementor-col-50 elementor-top-column elementor-element elementor-element-4c51e9ae\" data-id=\"4c51e9ae\" data-element_type=\"column\" data-e-type=\"column\">\n\t\t\t<div class=\"elementor-widget-wrap elementor-element-populated\">\n\t\t\t\t\t\t<div class=\"elementor-element elementor-element-c8a53e2 elementor-widget elementor-widget-heading\" data-id=\"c8a53e2\" data-element_type=\"widget\" data-e-type=\"widget\" data-widget_type=\"heading.default\">\n\t\t\t\t<div class=\"elementor-widget-container\">\n\t\t\t\t\t<h1 class=\"elementor-heading-title elementor-size-default\">Venez profiter de la nature le temps d\u2019une balade \u00e0 cheval pr\u00e8s de Bergerac \n<\/h1>\t\t\t\t<\/div>\n\t\t\t\t<\/div>\n\t\t\t\t<div class=\"elementor-element elementor-element-77d0534c elementor-widget elementor-widget-text-editor\" data-id=\"77d0534c\" data-element_type=\"widget\" data-e-type=\"widget\" data-widget_type=\"text-editor.default\">\n\t\t\t\t<div class=\"elementor-widget-container\">\n\t\t\t\t\t\t\t\t\t<p><span>La Bride du Cazal, centre tourisme \u00e9questre install\u00e9 \u00e0 Vergt-de-Biron pr\u00e8s de Bergerac en Dordogne, vous invite \u00e0 venir profiter des balades et randonn\u00e9es \u00e9questres au milieu de la nature en plein c\u0153ur du P\u00e9rigord, notamment au pied du Ch\u00e2teau de Biron, tout en d\u00e9couvrant le charme d\u2019une balade \u00e0 cheval en famille ou avec vos amis.\u00a0\u00a0<\/span><\/p>\t\t\t\t\t\t\t\t<\/div>\n\t\t\t\t<\/div>\n\t\t\t\t<div class=\"elementor-element elementor-element-7337fcf elementor-align-left animated-slow elementor-invisible elementor-widget elementor-widget-button\" data-id=\"7337fcf\" data-element_type=\"widget\" data-e-type=\"widget\" data-settings=\"{&quot;_animation&quot;:&quot;fadeInUp&quot;}\" data-widget_type=\"button.default\">\n\t\t\t\t<div class=\"elementor-widget-container\">\n\t\t\t\t\t\t\t\t\t<div class=\"elementor-button-wrapper\">\n\t\t\t\t\t<a class=\"elementor-button elementor-button-link elementor-size-sm elementor-animation-float\" href=\"https:\/\/centreequestre-labrideducazal.com\/randonnee-equestre\/\">\n\t\t\t\t\t\t<span class=\"elementor-button-content-wrapper\">\n\t\t\t\t\t\t\t\t\t<span class=\"elementor-button-text\">Contactez-nous<\/span>\n\t\t\t\t\t<\/span>\n\t\t\t\t\t<\/a>\n\t\t\t\t<\/div>\n\t\t\t\t\t\t\t\t<\/div>\n\t\t\t\t<\/div>\n\t\t\t\t\t<\/div>\n\t\t<\/div>\n\t\t\t\t\t<\/div>\n\t\t<\/section>\n\t\t\t\t<section class=\"elementor-section elementor-top-section elementor-element elementor-element-25f56566 elementor-reverse-tablet elementor-reverse-mobile elementor-section-height-min-height elementor-section-boxed elementor-section-height-default elementor-section-items-middle\" data-id=\"25f56566\" data-element_type=\"section\" data-e-type=\"section\" data-settings=\"{&quot;background_background&quot;:&quot;classic&quot;}\">\n\t\t\t\t\t\t\t<div class=\"elementor-background-overlay\"><\/div>\n\t\t\t\t\t\t\t<div class=\"elementor-container elementor-column-gap-default\">\n\t\t\t\t\t<div class=\"elementor-column elementor-col-100 elementor-top-column elementor-element elementor-element-156ae196\" data-id=\"156ae196\" data-element_type=\"column\" data-e-type=\"column\">\n\t\t\t<div class=\"elementor-widget-wrap elementor-element-populated\">\n\t\t\t\t\t\t<div class=\"elementor-element elementor-element-7307e272 elementor-widget-mobile__width-initial elementor-widget elementor-widget-heading\" data-id=\"7307e272\" data-element_type=\"widget\" data-e-type=\"widget\" data-widget_type=\"heading.default\">\n\t\t\t\t<div class=\"elementor-widget-container\">\n\t\t\t\t\t<h2 class=\"elementor-heading-title elementor-size-default\">Besoin de plus d'informations ? Contactez-nous !\n\n<\/h2>\t\t\t\t<\/div>\n\t\t\t\t<\/div>\n\t\t\t\t<div class=\"elementor-element elementor-element-8071763 elementor-widget__width-initial elementor-widget elementor-widget-text-editor\" data-id=\"8071763\" data-element_type=\"widget\" data-e-type=\"widget\" data-widget_type=\"text-editor.default\">\n\t\t\t\t<div class=\"elementor-widget-container\">\n\t\t\t\t\t\t\t\t\t<p style=\"text-align: center;\"><span>Pour davantage d\u2019informations sur balades \u00e9questres, n\u2019h\u00e9sitez pas \u00e0\u00a0<\/span><a href=\"https:\/\/www.centreequestre-labrideducazal.com\/contact-10.html\">contacter<\/a><span>\u00a0votre centre \u00e9questre La Bride du Cazal au\u00a0<\/span><a href=\"tel:0553631549\">05.53.63.15.49<\/a><span>.\u00a0<\/span><\/p>\t\t\t\t\t\t\t\t<\/div>\n\t\t\t\t<\/div>\n\t\t\t\t<div class=\"elementor-element elementor-element-588b0e06 elementor-align-center animated-slow elementor-invisible elementor-widget elementor-widget-button\" data-id=\"588b0e06\" data-element_type=\"widget\" data-e-type=\"widget\" data-settings=\"{&quot;_animation&quot;:&quot;fadeInUp&quot;}\" data-widget_type=\"button.default\">\n\t\t\t\t<div class=\"elementor-widget-container\">\n\t\t\t\t\t\t\t\t\t<div class=\"elementor-button-wrapper\">\n\t\t\t\t\t<a class=\"elementor-button elementor-button-link elementor-size-sm elementor-animation-float\" href=\"https:\/\/centreequestre-labrideducazal.com\/formation-et-stages\/\">\n\t\t\t\t\t\t<span class=\"elementor-button-content-wrapper\">\n\t\t\t\t\t\t\t\t\t<span class=\"elementor-button-text\">contactez-nous<\/span>\n\t\t\t\t\t<\/span>\n\t\t\t\t\t<\/a>\n\t\t\t\t<\/div>\n\t\t\t\t\t\t\t\t<\/div>\n\t\t\t\t<\/div>\n\t\t\t\t\t<\/div>\n\t\t<\/div>\n\t\t\t\t\t<\/div>\n\t\t<\/section>\n\t\t\t\t<\/div>\n\t\t","protected":false},"excerpt":{"rendered":"<p>Venez profiter de la nature le temps d\u2019une balade \u00e0 cheval pr\u00e8s de Bergerac La Bride du Cazal, centre tourisme \u00e9questre install\u00e9 \u00e0 Vergt-de-Biron pr\u00e8s de Bergerac en Dordogne, vous invite \u00e0 venir profiter des balades et randonn\u00e9es \u00e9questres au milieu de la nature en plein c\u0153ur du P\u00e9rigord, notamment [&hellip;]<\/p>\n","protected":false},"author":37,"featured_media":0,"parent":0,"menu_order":0,"comment_status":"closed","ping_status":"closed","template":"elementor_header_footer","meta":{"_eb_attr":"","footnotes":""},"class_list":["post-2101","page","type-page","status-publish","hentry"],"aioseo_notices":[],"_links":{"self":[{"href":"https:\/\/centreequestre-labrideducazal.com\/nov-apijson\/wp\/v2\/pages\/2101","targetHints":{"allow":["GET"]}}],"collection":[{"href":"https:\/\/centreequestre-labrideducazal.com\/nov-apijson\/wp\/v2\/pages"}],"about":[{"href":"https:\/\/centreequestre-labrideducazal.com\/nov-apijson\/wp\/v2\/types\/page"}],"author":[{"embeddable":true,"href":"https:\/\/centreequestre-labrideducazal.com\/nov-apijson\/wp\/v2\/users\/37"}],"replies":[{"embeddable":true,"href":"https:\/\/centreequestre-labrideducazal.com\/nov-apijson\/wp\/v2\/comments?post=2101"}],"version-history":[{"count":13,"href":"https:\/\/centreequestre-labrideducazal.com\/nov-apijson\/wp\/v2\/pages\/2101\/revisions"}],"predecessor-version":[{"id":2311,"href":"https:\/\/centreequestre-labrideducazal.com\/nov-apijson\/wp\/v2\/pages\/2101\/revisions\/2311"}],"wp:attachment":[{"href":"https:\/\/centreequestre-labrideducazal.com\/nov-apijson\/wp\/v2\/media?parent=2101"}],"curies":[{"name":"wp","href":"https:\/\/api.w.org\/{rel}","templated":true}]}}

Réservation balade équestre

<div data-elementor-type="wp-page" data-elementor-id="2101" class="elementor elementor-2101" data-elementor-post-type="page">
						<section class="elementor-section elementor-top-section elementor-element elementor-element-6a03c355 elementor-section-boxed elementor-section-height-default elementor-section-height-default" data-id="6a03c355" data-element_type="section" data-e-type="section" data-settings="{&quot;background_background&quot;:&quot;classic&quot;}">
							<div class="elementor-background-overlay"></div>
							<div class="elementor-container elementor-column-gap-default">
					<div class="elementor-column elementor-col-100 elementor-top-column elementor-element elementor-element-1a9f4335" data-id="1a9f4335" data-element_type="column" data-e-type="column" data-settings="{&quot;background_background&quot;:&quot;classic&quot;}">
			<div class="elementor-widget-wrap elementor-element-populated">
						<div class="elementor-element elementor-element-61aae580 elementor-widget elementor-widget-spacer" data-id="61aae580" data-element_type="widget" data-e-type="widget" data-widget_type="spacer.default">
				<div class="elementor-widget-container">
							<div class="elementor-spacer">
			<div class="elementor-spacer-inner"></div>
		</div>
						</div>
				</div>
					</div>
		</div>
					</div>
		</section>
				<section class="elementor-section elementor-top-section elementor-element elementor-element-761a3744 elementor-section-content-middle elementor-section-boxed elementor-section-height-default elementor-section-height-default" data-id="761a3744" data-element_type="section" data-e-type="section" data-settings="{&quot;background_background&quot;:&quot;classic&quot;}">
						<div class="elementor-container elementor-column-gap-default">
					<div class="elementor-column elementor-col-50 elementor-top-column elementor-element elementor-element-405415f1 elementor-invisible" data-id="405415f1" data-element_type="column" data-e-type="column" data-settings="{&quot;background_background&quot;:&quot;classic&quot;,&quot;animation&quot;:&quot;fadeInLeft&quot;}">
			<div class="elementor-widget-wrap elementor-element-populated">
						<div class="elementor-element elementor-element-40fc8ccc elementor-widget elementor-widget-spacer" data-id="40fc8ccc" data-element_type="widget" data-e-type="widget" data-widget_type="spacer.default">
				<div class="elementor-widget-container">
							<div class="elementor-spacer">
			<div class="elementor-spacer-inner"></div>
		</div>
						</div>
				</div>
					</div>
		</div>
				<div class="elementor-column elementor-col-50 elementor-top-column elementor-element elementor-element-4c51e9ae" data-id="4c51e9ae" data-element_type="column" data-e-type="column">
			<div class="elementor-widget-wrap elementor-element-populated">
						<div class="elementor-element elementor-element-c8a53e2 elementor-widget elementor-widget-heading" data-id="c8a53e2" data-element_type="widget" data-e-type="widget" data-widget_type="heading.default">
				<div class="elementor-widget-container">
					<h1 class="elementor-heading-title elementor-size-default">Venez profiter de la nature le temps d’une balade à cheval près de Bergerac 
</h1>				</div>
				</div>
				<div class="elementor-element elementor-element-77d0534c elementor-widget elementor-widget-text-editor" data-id="77d0534c" data-element_type="widget" data-e-type="widget" data-widget_type="text-editor.default">
				<div class="elementor-widget-container">
									<p><span>La Bride du Cazal, centre tourisme équestre installé à Vergt-de-Biron près de Bergerac en Dordogne, vous invite à venir profiter des balades et randonnées équestres au milieu de la nature en plein cœur du Périgord, notamment au pied du Château de Biron, tout en découvrant le charme d’une balade à cheval en famille ou avec vos amis.  </span></p>								</div>
				</div>
				<div class="elementor-element elementor-element-7337fcf elementor-align-left animated-slow elementor-invisible elementor-widget elementor-widget-button" data-id="7337fcf" data-element_type="widget" data-e-type="widget" data-settings="{&quot;_animation&quot;:&quot;fadeInUp&quot;}" data-widget_type="button.default">
				<div class="elementor-widget-container">
									<div class="elementor-button-wrapper">
					<a class="elementor-button elementor-button-link elementor-size-sm elementor-animation-float" href="https://centreequestre-labrideducazal.com/randonnee-equestre/">
						<span class="elementor-button-content-wrapper">
									<span class="elementor-button-text">Contactez-nous</span>
					</span>
					</a>
				</div>
								</div>
				</div>
					</div>
		</div>
					</div>
		</section>
				<section class="elementor-section elementor-top-section elementor-element elementor-element-25f56566 elementor-reverse-tablet elementor-reverse-mobile elementor-section-height-min-height elementor-section-boxed elementor-section-height-default elementor-section-items-middle" data-id="25f56566" data-element_type="section" data-e-type="section" data-settings="{&quot;background_background&quot;:&quot;classic&quot;}">
							<div class="elementor-background-overlay"></div>
							<div class="elementor-container elementor-column-gap-default">
					<div class="elementor-column elementor-col-100 elementor-top-column elementor-element elementor-element-156ae196" data-id="156ae196" data-element_type="column" data-e-type="column">
			<div class="elementor-widget-wrap elementor-element-populated">
						<div class="elementor-element elementor-element-7307e272 elementor-widget-mobile__width-initial elementor-widget elementor-widget-heading" data-id="7307e272" data-element_type="widget" data-e-type="widget" data-widget_type="heading.default">
				<div class="elementor-widget-container">
					<h2 class="elementor-heading-title elementor-size-default">Besoin de plus d'informations ? Contactez-nous !

</h2>				</div>
				</div>
				<div class="elementor-element elementor-element-8071763 elementor-widget__width-initial elementor-widget elementor-widget-text-editor" data-id="8071763" data-element_type="widget" data-e-type="widget" data-widget_type="text-editor.default">
				<div class="elementor-widget-container">
									<p style="text-align: center;"><span>Pour davantage d’informations sur balades équestres, n’hésitez pas à </span><a href="https://www.centreequestre-labrideducazal.com/contact-10.html">contacter</a><span> votre centre équestre La Bride du Cazal au </span><a href="tel:0553631549">05.53.63.15.49</a><span>. </span></p>								</div>
				</div>
				<div class="elementor-element elementor-element-588b0e06 elementor-align-center animated-slow elementor-invisible elementor-widget elementor-widget-button" data-id="588b0e06" data-element_type="widget" data-e-type="widget" data-settings="{&quot;_animation&quot;:&quot;fadeInUp&quot;}" data-widget_type="button.default">
				<div class="elementor-widget-container">
									<div class="elementor-button-wrapper">
					<a class="elementor-button elementor-button-link elementor-size-sm elementor-animation-float" href="https://centreequestre-labrideducazal.com/formation-et-stages/">
						<span class="elementor-button-content-wrapper">
									<span class="elementor-button-text">contactez-nous</span>
					</span>
					</a>
				</div>
								</div>
				</div>
					</div>
		</div>
					</div>
		</section>
				</div>

<p>Venez profiter de la nature le temps d’une balade à cheval près de Bergerac La Bride du Cazal, centre tourisme équestre installé à Vergt-de-Biron près de Bergerac en Dordogne, vous invite à venir profiter des balades et randonnées équestres au milieu de la nature en plein cœur du Périgord, notamment [&hellip;]</p>
